inder when 6 is divided by x?
1
Suppose 0 = 2*d + 2 - 6. What is the remainder when 6*d*(-160)/(-30) is divided by 33?
31
Let r be 44/(-6)*(0 + 3/(-1)). Suppose -d - 5*x = -62, 0 = -d + 4*x + x + r. Calculate the remainder when 166 is divided by d.
40
Calculate the remainder when 126*(-7)/(-14) + -7 is divided by 9.
2
Suppose -l - 1 = 2*z + 7, 0 = -5*l. Let t = z + 6. Calculate the remainder when -51*(2 + -5 + t) is divided by 18.
15
Let y(s) = -5*s**2 - 54*s + 30. Let n(x) = 2*x**2 + 18*x - 10. Let r(p) = 8*n(p) + 3*y(p). Calculate the remainder when r(19) is divided by 8.
5
Let y = 1800 - 1139. What is the remainder when y is divided by 18?
13
Suppose 5*y - 14*y = -90. Suppose 3*z - 5*i = -y*i + 794, 0 = -3*i + 3. What is the remainder when z is divided by 44?
43
Suppose 5*g + 228 = 3*o, 0*o = -g - 4*o - 41. Let c = g - -78. Calculate the remainder when c is divided by 0 + (-14)/((-2)/1).
5
Let t = -194 + 233. Calculate the remainder when 74 is divided by t.
35
Let d = 77 + -74. Suppose -d*g + 5*x = -91, -x = g - 6 - 19. Calculate the remainder when 159 is divided by g.
24
Suppose -3*j + 115 = 2*s, -2*j - 7*s = -3*s - 74. What is the remainder when 191 is divided by j?
35
Let v = 435 + -155. What is the remainder when v is divided by 12?
4
Let o = -186 + 227. Calculate the remainder when 50 is divided by o.
9
Suppose 132 = -27*t + 33*t. Let m(y) = -6*y. Calculate the remainder when m(-7) is divided by t.
20
Let o(s) = -4*s - 87. Let j(w) = w + 29. Let x(m) = -8*j(m) - 3*o(m). What is the remainder when x(8) is divided by 32?
29
Let j = 2355 - 2296. What is the remainder when j is divided by 16?
11
Let f(i) be the third derivative of i**4/6 - 13*i**3/6 + 31*i**2. What is the remainder when 134 is divided by f(7)?
14
Suppose 0*y + 2 = y. Suppose 0 = 6*w - y*w + 4. Let l(d) = -4*d - 1. Calculate the remainder when 5 is divided by l(w).
2
Let x(r) = -8*r + 4. Let k(m) = -2*m + 82. What is the remainder when k(7) is divided by x(-4)?
32
Let x(m) = -m**2 + 26*m - 142. Calculate the remainder when 2207 is divided by x(11).
22
Let a(q) = -31*q**2 + q + 1. Let s be a(-1). Let z be (-42)/45*-9*(-10)/(-2). Let b = s + z. Calculate the remainder when 30 is divided by b.
8
What is the remainder when 4*11 - (27 - 24) is divided by 5?
1
Let j(q) be the second derivative of 2*q**3/3 - 9*q**2 + 10*q. Calculate the remainder when j(13) is divided by (-2)/(-3) - (-102)/9.
10
Let f = 64 + -121. Let x = -25 - f. Let m(v) = v + 17. Calculate the remainder when x is divided by m(0).
15
Let l = -99 + 141. Let u be l/12*(9 - -1). Suppose -2*z + 1 = 5, -5*z + u = 3*s. Calculate the remainder when 57 is divided by s.
12
Suppose -3*o = -4*f - 2*o + 128, -96 = -3*f + o. Suppose -3*t = -5*s - 178, 2*t + 3*t = -2*s + 307. What is the remainder when t is divided by f?
29
Suppose -2*r + r + 2*d + 457 = 0, 0 = -3*d + 3. What is the remainder when r is divided by 20?
19
Suppose 0 = -r + 3*f + 46, 0 = r - f - 48. Suppose 8*l = r + 63. Calculate the remainder when l is divided by 3.
2
Let t be 16/(-12)*-3 + 8. Let x = 9 - t. Calculate the remainder when 12 is divided by ((-35)/10)/(x/6).
5
Suppose -2*p - 2*p - 4 = 0. Let m be ((-4)/10)/(p/(-25)). What is the remainder when (m/15)/((-2)/291) is divided by 25?
22
Let t = -23 + 23. Suppose t*n + 246 = 3*n. Suppose 3*r + c - 4*c - 66 = 0, -3*r = 5*c - n. What is the remainder when 70 is divided by r?
22
Let u = 264 - 260. Let c = 0 - -9. Calculate the remainder when c is divided by u.
1
Suppose 25*o = 3*g + 20*o - 487, -2*o + 166 = g. What is the remainder when g is divided by 75?
14
What is the remainder when 133 + -1 + 13 + -8 is divided by 23?
22
Suppose 3*y = 3*a + 234, -20*a = 2*y - 19*a - 147. What is the remainder when y is divided by 11?
9
Let x(s) be the third derivative of -s**4/6 + 17*s**3/2 - 22*s**2. Calculate the remainder when 5 is divided by x(12).
2
Let z be (6*-1)/((-2)/3). Let b(q) = -16 - 6*q - z + 7 + 16*q. What is the remainder when b(8) is divided by 16?
14
Suppose 0 = -4*x + 4, -59 = -q - q + 3*x. Suppose -5*b + 0*m - 2*m + 454 = 0, b - 2*m - 86 = 0. What is the remainder when b is divided by q?
28
Let y(d) = 5*d - 3. Let s be y(-7). Let z = -23 - s. Suppose 4*c - 40 = -h, 2*c + 124 = 4*h + 6*c. Calculate the remainder when h is divided by z.
13
Calculate the remainder when ((-24)/20)/((-1)/365) is divided by 49.
46
Suppose -5*j = -3*y + 99, -1 = -j - 3*y - 10. Let l = j - -27. Calculate the remainder when ((-52)/6)/(26/(-78)) is divided by l.
8
Calculate the remainder when 390 is divided by ((-98)/(-21))/(20/60).
12
Let k(i) = 21*i**3 - i + 2. Suppose 2 = -y, 2*w + 4*y - 1 = -7. What is the remainder when 63 is divided by k(w)?
19
Suppose 437 = 4*i - 19. Suppose 3*p = -417 + 429. Calculate the remainder when i/10 + 4/(-10) is divided by p.
3
Suppose 16*x - 24 = 56. Suppose -4*o - 12 = 0, 0 = -h + 3*o + 4 + 49. What is the remainder when h is divided by x?
4
Suppose -49*p + 1391 = -1206. Calculate the remainder when p is divided by 2/7 - 248/(-14).
17
Let u = -976 + 981. Calculate the remainder when 369 is divided by u.
4
Let t = 713 - 657. What is the remainder when t is divided by 19?
18
Suppose -36 = -s + 4*u, -3*u + 226 = 5*s - 0*u. Suppose 0 = -3*o + 25 + s. Suppose -2*d - d + 36 = 0. Calculate the remainder when o is divided by d.
11
Suppose 6*m - m = -0*m. Let l(z) = z**2 - 3*z + 8. Calculate the remainder when 150 is divided by l(m).
6
Let m(o) = o**2 - 10*o - 15. Let i be m(15). Let h = i + -47. Calculate the remainder when 64 is divided by h.
12
Let f be (5/2)/((-1)/(-2)). Let z be (-4 - -5) + (-3 + -3)*-118. Suppose f*p + 174 = z. What is the remainder when p is divided by 27?
26
Suppose 5*s + 4*r - 195 + 3 = 0, 4*s = 4*r + 132. Suppose 104*h - 114*h + 200 = 0. Calculate the remainder when s is divided by h.
16
Let f = 44 - 21. Let t(a) = -16 + f*a - 20*a + 4. Calculate the remainder when 18 is divided by t(6).
0
Let y = 2278 + -2051. Calculate the remainder when y is divided by 64.
35
Let t(p) = -p**3 + 16*p**2 - 16*p + 19. Let c be t(15). Calculate the remainder when ((-1)/(-3))/(c/564) is divided by 25.
22
Suppose 57*m = 56*m + 106. Calculate the remainder when m is divided by 49.
8
Suppose -9*x + 48 = -5*x. Suppose 5*i - 309 = 181. Suppose 5*v + 5*g - 117 - 63 = 0, 3*v - 2*g = i. What is the remainder when v is divided by x?
10
Let k(t) = 2*t**2 - 6*t. Suppose -20 = -5*u + 3*j - 2*j, -4*j = -2*u + 8. What is the remainder when k(u) is divided by 2?
0
Suppose -1145 = -2*r - 1107. Calculate the remainder when 357 is divided by r.
15
Suppose 0 = -415*u + 423*u - 11432. What is the remainder when u is divided by 53?
51
Let m = 8 + 12. Let a = -2 - -4. Suppose 3*p - 395 = -a*p. Calculate the remainder when p is divided by m.
19
Calculate the remainder when 223 is divided by (70/14)/((-45)/(-234)).
15
Let q(o) = -o**3 + 9*o**2 - 11*o - 7. Let r be q(9). What is the remainder when (1/4)/1*(10 - r) is divided by 5?
4
Let f(c) = -16*c - 53. Calculate the remainder when 42 is divided by f(-4).
9
Calculate the remainder when 4638/8 - 4/(-16) is divided by 53.
50
Suppose 5*b + 990 = 14*b. Let q be (-3)/((-18)/4)*45. What is the remainder when b is divided by 10/(-5) + 1*q?
26
Let j = -24 - -97. Calculate the remainder when 215 is divided by j.
69
Suppose 0 = 2*d + 2*u + 84, -2*d - 2*u + 33 = -3*d. Calculate the remainder when 18/22 - (1 + d/33) is divided by 1.
0
Suppose 60 = r + 2*r. Calculate the remainder when 117 is divided by r.
17
Let p(m) = 2*m**3 + 2*m**2 - 2*m + 6. Let j be p(2). Let d = j + 18. What is the remainder when 85 is divided by d?
41
Let o = 8 + 6. What is the remainder when 1104/22 + (-10)/55 is divided by 2 + -1 + (o - -2)?
16
Suppose 24 = -0*n - 4*n. Let z(p) be the second derivative of -p**5/20 - p**4/3 + 3*p**3/2 + 7*p**2/2 + p - 8. What is the remainder when z(n) is divided by 7?
4
Let s = -6 - 3. Let u = 16 + s. Suppose c + 4*c = -t + 10, -5*t = -5*c - 20. Calculate the remainder when u is divided by t.
2
Let q(g) = 8*g**2 - 138*g + 55. What is the remainder when 354/9 - 4/(-6) is divided by q(17)?
19
Let r = -39 - -70. Suppose n + 0 = 9. Suppose 2*j = 31 - n. What is the remainder when r is divided by j?
9
Suppose -3*q - 19 = 17. Calculate the remainder when 24 is divided 